n?
33
Suppose -5*u = -2*u. Suppose u = -3*p - 4364 + 1574. What is the remainder when 48 is divided by (-4)/18 - p/54?
14
Let c(s) = 4*s - 7. Calculate the remainder when 110 is divided by c(14).
12
Let o(a) be the first derivative of 2*a**2 + 2*a + 2. What is the remainder when o(8) is divided by 595/70 - (-7)/2?
10
Suppose -25*b + 1716 = -109. What is the remainder when b is divided by 14?
3
Let a = 87 + -62. Calculate the remainder when 72 is divided by a.
22
Let b(o) = -o + 21. Let k be b(8). Let j be 64/6 - 4/(-12). Let c = k - j. What is the remainder when 3 is divided by c?
1
Suppose s + 1 = 2, p - 3*s = 14. Calculate the remainder when p is divided by (-50)/(-15) + 6/9.
1
Let k = 11 + -7. Suppose 0 = h + 3 + 10. Let z(q) = q**3 + 14*q**2 + 11*q - 21. What is the remainder when z(h) is divided by k?
1
What is the remainder when 141 is divided by 5 + (1 - -4) + -1?
6
Let k be (-723)/(-6)*-2*-1. Let n = k + -162. Suppose -4*p - 5*o = -65, -5*p + o - 21 = -124. What is the remainder when n is divided by p?
19
Let m(q) = -q**3 + 13*q**2 - 27*q - 1. What is the remainder when 84 is divided by m(10)?
26
Suppose -u + 15 = 2*w, w - 2*u = -0*u + 20. Suppose -7*k = -2*k - w. Suppose k*f + 0*l - 4*l = 6, 6 = f - l. What is the remainder when f is divided by 6?
3
Let x(k) = -8*k - 10. Let y be x(10). Calculate the remainder when 3 + -4 - y - -1 is divided by 23.
21
Let l(h) = 42*h + 3. Let x be l(1). Suppose -x - 9 = -2*d. What is the remainder when 79 is divided by d?
25
Suppose i - 29*i = -196. Let s(a) = -a**3 - 4*a**2 + 3. Calculate the remainder when i is divided by s(-4).
1
Let x(q) = q**3 + q**2 - 2*q - 2. Let l be x(0). What is the remainder when l*(1 + -4)*26/4 is divided by 5?
4
Calculate the remainder when 21020/55 + (-4)/22 is divided by 23.
14
Let o(z) = -5*z + 24. Let q be o(8). Let k(w) = w**2 + 18*w + 34. Let t(u) = -7*u - 1. Calculate the remainder when t(-1) is divided by k(q).
0
Suppose 0 = 5*d - 5, -3*o + 2*d + 0*d - 131 = 0. Let i = -6 - o. What is the remainder when i is divided by 39/5 - (3 - 16)/65?
5
Suppose 25*v - 159 = 691. Calculate the remainder when v is divided by 9.
7
Suppose 0 = -4*p - 6 - 38. Let w = p - -23. Suppose 269*q - 4426 = 2612 - 851. What is the remainder when q is divided by w?
11
Let c(p) = -2*p - 9. Let i(v) = -v - 9. Let d(j) = -2*c(j) + 3*i(j). Let s be d(7). Calculate the remainder when 2 is divided by (7/28)/(s/(-16)).
0
Suppose 5*i - 183 = 5*b - 598, 2*i = -5*b + 415. What is the remainder when b is divided by (55 - 49)*(-14)/(-4)?
20
Suppose -11*f = -9*f - 146. Suppose 15 = 4*s - 0*l - l, -4*l = 5*s - 24. Suppose t + 75 = s*t. Calculate the remainder when f is divided by t.
23
Let d = -110 + 133. Let x = -1 + d. Calculate the remainder when 60 is divided by x.
16
Suppose -3*p + 55 = -2*p. Let h = -2 + p. Suppose -3*y - n + h = 0, 2*y - 2*n = -2*y + 64. Calculate the remainder when 50 is divided by y.
16
Suppose -16*m = -15*m - 4. Suppose 4*a - 26 = -2*i, a = -4*a - m*i + 31. What is the remainder when 13 is divided by a?
6
Let p = 1070 + -462. What is the remainder when p is divided by 13?
10
Suppose 15 + 5 = -4*o. Let n = o - -7. What is the remainder when (-66)/(-21) + n/(-14) is divided by 3?
0
Let n(v) = -v**3 - 2*v**2 + 3*v + 3. Let j = 765 + -759. What is the remainder when j is divided by n(-3)?
0
Let q(t) = -20*t + 220. Calculate the remainder when q(4) is divided by 12.
8
Suppose 23*c - 39 = 26*c. Let a be (2 + 0)/2 - 10. Let t = a - c. What is the remainder when 9 is divided by t?
1
Let s(g) = g**3 - 10*g**2 + 4*g + 29. Let z be s(10). Suppose -37 = -i - 4*x, -z = 5*i + 3*x - 186. Calculate the remainder when 41 is divided by i.
20
Suppose -4*o + 8 = -16. Suppose 16 - o = 5*i. Suppose 4*h - 21 = -i*n + 3*h, -2*n + 18 = -2*h. What is the remainder when 37 is divided by n?
7
Let k = 571 - 565. Calculate the remainder when 47 is divided by k.
5
Suppose n = -0 + 2. Suppose 4*c - 5*f - 21 = 0, -n*c - 6 = -3*c + f. Suppose 2*t - c - 165 = 0. Calculate the remainder when t is divided by 30.
27
Calculate the remainder when -2 + 0 + (-3 - -874) is divided by 87.
86
Calculate the remainder when 489 is divided by 9*4 - (28 + -18).
21
Let g = -34 - -14. Let o = g - -34. Let z(b) = -b**3 + 6*b**2 + 4*b + 2. Calculate the remainder when z(6) is divided by o.
12
Let m = 1634 - 1338. Calculate the remainder when m is divided by 33.
32
Let l(n) = -16*n + 7*n + 14*n. Let q be l(1). Let z = q - -2. What is the remainder when z is divided by 2?
1
Let k(v) = -9*v**2 - 188*v - 63. Calculate the remainder when k(-20) is divided by 20.
17
Let w = 609 + -594. Calculate the remainder when 461 is divided by w.
11
Suppose u = 5*u - x + 61, 2*u = -4*x - 44. Let f = u + 26. Let z(i) = i**2 - 6*i + 7. Calculate the remainder when z(f) is divided by 17.
13
Let j = 368 + -243. What is the remainder when j is divided by 26?
21
Suppose -5*r + 11 + 14 = 0. Let v(j) = -3*j - 4 - 2 - 7*j**2 + 2*j**3 - 1. What is the remainder when v(r) is divided by 14?
11
Let t(k) = -2*k**2 - 13*k - 4. What is the remainder when t(-5) is divided by 9?
2
Suppose 0 = -11*w + 1 + 21. Suppose v + w*v - 48 = 0. What is the remainder when v is divided by 11?
5
Let b = 31 - -13. Suppose -40*a - 156 = -b*a. Calculate the remainder when 153 is divided by a.
36
Let q(i) = -i**3 - 5*i**2 + 7*i + 9. Let v be q(-6). Let l = v + 5. Suppose -56*o + 42*o + 294 = 0. Calculate the remainder when o is divided by l.
5
Suppose -28 = -2*h - 5*i, 2*i = -i + 12. Calculate the remainder when 2776/80 + (-66)/(-220) is divided by h.
3
Suppose 4*q = 3*q + 20. Suppose 0 = -6*i + 3*i. Suppose -3*v + 31 + q = i. What is the remainder when 32 is divided by v?
15
Let j = 275 + -174. What is the remainder when j is divided by 16?
5
Suppose 0 = -5*j + 2*n + 138 + 527, -n = -5*j + 660. What is the remainder when j is divided by 4?
3
Suppose 3*v + 94 = 5*v. What is the remainder when v is divided by -2 + (-8)/(-5) - 274/(-10)?
20
Let c(u) = u**2 + 18*u - 18. Let i(j) = -j**3 - j + 1. Calculate the remainder when i(-5) is divided by c(-20).
21
Suppose -4*s + 392 = -0*s. What is the remainder when s is divided by 35?
28
Suppose -4*u - 91 = -6*r + r, 2*u = -r + 21. Let i(m) = 2*m**2 + 7*m + 3. What is the remainder when i(-7) is divided by r?
14
Let c = -98 - -345. Calculate the remainder when c is divided by 40.
7
Suppose -3*x = g + 8, g + x + 40 = 6*g. What is the remainder when 27 is divided by g?
6
Suppose 2*m + 5*k - 19 = 0, 2*m - 6 = 4*k + 22. Let c = 114 - 68. Calculate the remainder when c is divided by m.
10
Let k(i) = 2*i**2 - 6*i + 7. Let l(s) = 33*s - 9. Let u be l(10). Calculate the remainder when k(-5) is divided by (-24)/(-40) - u/(-15).
21
Let k(r) = -7*r - 5. Suppose -h + 67 = 58. Suppose -3*o = -h, 2*b - 5*o - 2 = 5. What is the remainder when k(-5) is divided by b?
8
Let i(r) = -4*r + 101. What is the remainder when 132 is divided by i(8)?
63
What is the remainder when -12*(2/12)/((-2)/66) is divided by 65?
1
Suppose -4*w = -m - 5 - 9, 5*w - 28 = -4*m. Suppose 3*i + 0 - 6 = a, -m*i = -2*a + 8. Calculate the remainder when 2/3 - 560/(-24) is divided by a.
6
Suppose -2*o - 3*o + 10 = 0. Suppose p = o*p - 10. Suppose -2*j - p = -58. Calculate the remainder when j is divided by 9.
6
Suppose 90 = j + 2*f - 50, -2*j - f = -292. What is the remainder when j is divided by 42?
22
Suppose -4*k + 98 = 86. Suppose 0 = -5*c + u + 181 - 10, 89 = k*c - 4*u. What is the remainder when 172 is divided by c?
32
Let r = 34 + -20. Suppose -2*h = -4*h - 2*t + r, 2*h - 10 = -3*t. Let n = -126 + 166. Calculate the remainder when n is divided by h.
7
Let i = 311 - 265. Calculate the remainder when i is divided by 12.
10
Let y be 21 - (11 - -4)/3. Suppose -7*m = -3*m + y, m - 64 = -4*a. Calculate the remainder when 49 is divided by a.
15
Let x(l) = -17*l - 110. Calculate the remainder when x(-12) is divided by 24.
22
Let f(m) = -17*m + 33. What is the remainder when f(-2) is divided by 53?
14
Let j(c) = -c**2 - 4*c - 3. Let u be j(-4). Let n be 4/(-2) + 3 + u. Calculate the remainder when n/6 + (-172)/(-3) is divided by 15.
12
Suppose a - 5*r - 18 = 0, 116 = 6*a - 2*a + 2*r. What is the remainder when 46 is divided by a?
18
Suppose -16*i + 282 - 186 = 0. Suppose 7*k - 2*k - 105 = 